 prime factors of 21655466?
2, 7, 23, 109, 617
What are the prime factors of 57013702?
2, 233, 122347
What are the prime factors of 3252355?
5, 17, 83, 461
What are the prime factors of 11635837?
17, 47, 14563
What are the prime factors of 8888511?
3, 23, 128819
What are the prime factors of 8778623569?
347, 25298627
What are the prime factors of 2427339672?
2, 3, 29, 349, 3331
List the prime factors of 21985691.
7, 13, 241601
What are the prime factors of 4518470621?
7, 3251, 198553
What are the prime factors of 256005348?
2, 3, 21333779
What are the prime factors of 1145012770?
2, 5, 11, 19, 547853
What are the prime factors of 447524869?
11, 23, 1768873
List the prime factors of 195290943.
3, 107, 608383
What are the prime factors of 1664254569?
3, 397, 1397359
List the prime factors of 595459491.
3, 11, 61, 257, 1151
List the prime factors of 948421121.
948421121
List the prime factors of 30466945.
5, 6093389
What are the prime factors of 938810336?
2, 47, 624209
What are the prime factors of 1068430316?
2, 23, 41, 191, 1483
List the prime factors of 432563026.
2, 7, 31, 996689
What are the prime factors of 150426379?
150426379
What are the prime factors of 65168335?
5, 347, 37561
What are the prime factors of 91025390?
2, 5, 19, 479081
List the prime factors of 155601609.
3, 51867203
List the prime factors of 1161283482.
2, 3, 29, 2224681
What are the prime factors of 355149112?
2, 44393639
List the prime factors of 78721481.
78721481
List the prime factors of 70332427.
11, 6393857
List the prime factors of 1514005513.
1514005513
What are the prime factors of 598356492?
2, 3, 49863041
What are the prime factors of 14393558?
2, 2003, 3593
What are the prime factors of 3480532524?
2, 3, 7, 331, 1987
What are the prime factors of 41659406?
2, 20829703
List the prime factors of 615367525.
5, 24614701
List the prime factors of 2312023657.
257, 8996201
What are the prime factors of 193781759?
17, 1097, 10391
List the prime factors of 115581690.
2, 3, 5, 7, 26209
What are the prime factors of 616149415?
5, 7, 23, 631, 1213
What are the prime factors of 72456540?
2, 3, 5, 13, 92893
What are the prime factors of 61123577?
61123577
What are the prime factors of 118771815?
3, 5, 613, 12917
List the prime factors of 620674976.
2, 19, 1020847
What are the prime factors of 299147967?
3, 173, 229, 839
List the prime factors of 655570424.
2, 81946303
What are the prime factors of 589801487?
11, 89, 602453
What are the prime factors of 1786629912?
2, 3, 29, 2566997
List the prime factors of 1165353914.
2, 67, 8696671
What are the prime factors of 283157989?
283157989
What are the prime factors of 179028451?
7, 25575493
What are the prime factors of 3344714660?
2, 5, 7, 439, 54421
List the prime factors of 93531590.
2, 5, 9353159
What are the prime factors of 13407843?
3, 1237, 3613
What are the prime factors of 14690399?
23, 281, 2273
What are the prime factors of 2152928987?
11, 195720817
List the prime factors of 438293719.
199, 293, 7517
List the prime factors of 1149379.
7, 11, 23, 59
List the prime factors of 50842369.
1847, 27527
What are the prime factors of 32470634?
2, 7, 331333
List the prime factors of 197829581.
197829581
List the prime factors of 88048374.
2, 3, 107, 137147
List the prime factors of 76852787.
11, 635147
What are the prime factors of 58774044?
2, 3, 7, 359, 1949
List the prime factors of 481938929.
3967, 121487
List the prime factors of 336462052.
2, 84115513
List the prime factors of 153224835.
3, 5, 19, 29, 18539
What are the prime factors of 167838613?
23, 1789, 4079
List the prime factors of 90675882.
2, 3, 11, 293, 521
List the prime factors of 511955785.
5, 11, 181, 51427
What are the prime factors of 8010000?
2, 3, 5, 89
What are the prime factors of 2371688254?
2, 13, 59, 1546081
List the prime factors of 1869472577.
7, 31, 139, 61979
List the prime factors of 19069040.
2, 5, 238363
What are the prime factors of 276560760?
2, 3, 5, 7, 17, 107, 181
List the prime factors of 2638430108.
2, 659607527
List the prime factors of 2692523043.
3, 7, 42738461
List the prime factors of 3910212262.
2, 11, 17, 10455113
List the prime factors of 891511297.
17, 167, 241, 1303
List the prime factors of 33602523.
3, 17, 658873
What are the prime factors of 1233449762?
2, 31, 1109, 17939
List the prime factors of 22685007.
3, 53, 142673
List the prime factors of 11529177.
3, 11, 349369
What are the prime factors of 341255092?
2, 599, 142427
List the prime factors of 124160957.
59, 2104423
What are the prime factors of 158383214?
2, 11, 283, 25439
List the prime factors of 177521176.
2, 7, 23, 137827
List the prime factors of 293126513.
23, 563, 22637
What are the prime factors of 766517453?
13, 67, 880043
What are the prime factors of 4233568081?
3631, 1165951
List the prime factors of 6023212838.
2, 19, 163, 972427
List the prime factors of 41488367.
2267, 18301
List the prime factors of 59783346.
2, 3, 7, 17573
List the prime factors of 76577078.
2, 17, 109, 20663
List the prime factors of 2500846434.
2, 3, 97, 223, 2141
What are the prime factors of 109718989?
109718989
What are the prime factors of 55803428?
2, 23, 606559
What are the prime factors of 720223843?
431, 1671053
List the prime factors of 405284275.
5, 11, 59, 24979
List the prime factors of 1246264261.
11, 241, 317, 1483
List the prime factors of 514400869.
29, 17737961
What are the prime factors of 179182268?
2, 37, 127, 9533
What are the prime factors of 26116010?
2, 5, 821, 3181
List the prime factors of 639617881.
7, 19, 29, 165833
List the prime factors of 9383828.
2, 2345957
What are the prime factors of 47137109?
47137109
What are the prime factors of 748192246?
2, 613, 610271
List the prime factors of 1216991722.
2, 608495861
List the prime factors of 5114505732.
2, 3, 7, 71, 122509
List the prime factors of 1137561547.
641, 1774667
What are the prime factors of 189793884?
2, 3, 7, 23, 193, 509
List the prime factors of 12210619.
12210619
What are the prime factors of 2066907854?
2, 11, 1259, 74623
List the prime factors of 178465680.
2, 3, 5, 27541
List the prime factors of 1074125186.
2, 199, 2698807
What are the prime factors of 158244704?
2, 17, 461, 631
List the prime factors of 191672023.
191672023
List the prime factors of 64427134.
2, 32213567
List the prime factors of 70213057.
881, 79697
What are the prime factors of 696436313?
443, 1572091
List the prime factors of 29295733.
223, 131371
What are the prime factors of 2090125844?
2, 522531461
List the prime factors of 82676605.
5, 11, 23, 65357
List the prime factors of 306887307.
3, 102295769
What are the prime factors of 73029356?
2, 131, 139369
What are the prime factors of 857738540?
2, 5, 23, 1864649
What are the prime factors of 421672147?
13, 43, 754333
List the prime factors of 19719736.
2, 461, 5347
List the prime factors of 3005139946.
2, 17, 2281, 38749
List the prime factors of 150692796.
2, 3, 4185911
List the prime factors of 3946943716.
2, 986735929
List the prime factors of 27652403.
31, 47, 18979
What are the prime factors of 663102333?
3, 1093, 67409
What are the prime factors of 875504272?
2, 191, 286487
What are the prime factors of 367951538?
2, 67, 2745907
What are the prime factors of 58340141?
17, 29, 6961
What are the prime factors of 334464360?
2, 3, 5, 173, 16111
What are the prime factors of 82585528?
2, 397, 26003
List the prime factors of 58387316.
2, 13, 17, 257
List the prime factors of 993398113.
993398113
What are the prime factors of 1044359511?
3, 13, 26778449
List the prime factors of 737084970.
2, 3, 5, 8189833
What are the prime factors of 5115012447?
3, 79, 4231, 5101
List the prime factors of 753925200.
2, 3, 5, 7, 89753
What are the prime factors of 136069264?
2, 1627, 5227
List the prime factors of 107710894.
2, 317, 169891
What are the prime factors of 88182594?
2, 3, 43, 12659
List the prime factors of 783487283.
783487283
What are the prime factors of 7423268?
2, 1855817
List the prime factors of 20889251.
29, 720319
List the prime factors of 236516033.
13, 197, 92353
List the prime factors of 3191665428.
2, 3, 7, 691, 18329
List the prime factors of 235078105.
5, 47015621
What are the prime factors of 167569198?
2, 31, 83, 32563
What are the prime fact